ppose -20 = 4*i - x, d*i + 2*x = i - 8. Let h(y) = -3*y - 4. What is the units digit of h(i)?
8
Let b(q) = q**2 - 3*q + 7. Let i be b(5). Suppose 2*m = 79 - i. What is the tens digit of m?
3
Suppose -3 = -l + 24. What is the units digit of l?
7
Suppose 310 = 4*q + 5*y, -5*q - 4*y + 426 = 43. What is the units digit of q?
5
Let k be (-2 + 0)/((-2)/5). Let f(i) = 8*i - i**3 + 7*i - 2 - 8*i + 4*i**2. What is the units digit of f(k)?
8
Suppose 0 = -5*f - 6 + 61. What is the tens digit of f?
1
Let d = 8 + -4. Let x(h) = 3*h**2 - 5*h + 8. What is the units digit of x(d)?
6
Suppose 3*t + 24 = -0*t. What is the tens digit of 2/t + 375/12?
3
Let d(f) = 2*f - 5. Suppose 0*g + 10 = 2*g. Let o be d(g). Suppose 0*x = -x + o. What is the units digit of x?
5
Let m = 4 + 110. What is the units digit of m?
4
Let x = 120 - 82. What is the units digit of x?
8
Suppose 5*o + 31 = 3*u, 0*o - o + 1 = 3*u. Suppose u*f - r - 39 = 14, 4*f = -4*r + 88. What is the units digit of f?
5
Let f = -14 - -20. Let u(m) = m**2 - 6*m - 8. Let w be u(f). Let d = 9 + w. What is the units digit of d?
1
Let l = -78 + 138. What is the tens digit of l?
6
Suppose 4*d + 2*q - 314 = -96, 4*q + 20 = 0. What is the units digit of d?
7
Suppose -5*a = -a - 16. What is the tens digit of a/18 - 97/(-9)?
1
Suppose -2*l - 5 = -33. What is the tens digit of l?
1
Let m = -16 - -19. Suppose -y - m*y + 68 = 0. What is the tens digit of y?
1
Let h = 29 + -5. What is the units digit of h?
4
Let n be -1 + 5 - 3 - -5. What is the units digit of 60/25*40/n?
6
Let q(h) = -h**3 + 7*h**2 - 3*h + 7. Let z be q(5). Let n = 59 - z. What is the tens digit of n?
1
Suppose 0 = -0*a - 3*a - 5*s + 9, 3*a = -s + 9. Let v(p) = p**2 - 6*p + 4 - p**2 + 4*p**2 + p**a + p**2. What is the units digit of v(-6)?
4
What is the tens digit of 158/8 - 6/8?
1
Suppose 2*u + 23 = 3*u - 5*v, -u + 25 = -3*v. What is the units digit of u?
8
Suppose 7*w + 5*v = 3*w + 55, -4*w = 2*v - 58. What is the units digit of w?
5
Let o(a) be the second derivative of -a**6/720 + a**5/15 - a**4/12 + 2*a. Let k(q) be the third derivative of o(q). What is the units digit of k(5)?
3
Let s(y) = -y**2 - 6*y + 9. Let g be s(-8). Let d = g - -18. What is the tens digit of d?
1
Let p(j) = -3*j - 17. Let y(x) = 2*x + 9. Let a(b) = -3*p(b) - 5*y(b). Suppose -u - u = 18. What is the units digit of a(u)?
5
What is the tens digit of 42/(-28)*40/(-6)?
1
Suppose -5*t + 30 = -5*g, -4*g - 5 = g. What is the units digit of t?
5
Let n = -15 - -11. Suppose -3*b = -4*i + 10, 0 = 4*b + 2*i + 11 + 17. Let a = n - b. What is the units digit of a?
2
Let k = 208 + -73. What is the units digit of 34/3*k/30?
1
Suppose 4*m + 108 = 7*m. What is the units digit of m?
6
Suppose -3*l = 2*i - 61, 2 = 2*l - 0. Let s = -16 + i. What is the units digit of s?
3
What is the units digit of 8/(-5)*(-13 + 8)?
8
Let l be -9 + (2 - (7 + -3)). Let h = l + 17. What is the units digit of h?
6
Let y(q) = 4*q - 3. Let a be y(2). Suppose a*d - 3*b - 120 = 0, -4*b = -4*d - 3*b + 89. What is the tens digit of d?
2
Let z(s) = s**2 - 2*s + 2. Let x be z(2). Suppose x*c - 9 = -n, -5*n + 5 + 4 = c. What is the units digit of c?
4
Let q(h) = 3*h**2 + 6*h - 2. Let o(w) = -2*w - 8. Let x be o(-6). Let i be q(x). Suppose -p + 28 = 3*a, -3*a = -4*p - a + i. What is the units digit of p?
9
Suppose 76 - 10 = x. What is the tens digit of x?
6
Let m(f) = -4*f. Suppose 4*c = 4*x - 24, -2*c + x = c + 24. Let o be m(c). Suppose -28 = -3*z + 4*a, -4*z + 6*a = a - o. What is the units digit of z?
4
Let j = 589 - 247. What is the tens digit of j?
4
Let k(u) = 92*u**2 + u - 2. What is the units digit of k(1)?
1
Let p(a) = a - 2. Let f = -14 + 21. Let s be p(f). Suppose s = 6*d - d. What is the units digit of d?
1
Let r be (-6)/9*-3 - 0. Suppose -r*f - f = w - 8, 0 = -5*w + 3*f + 76. What is the units digit of w?
4
Suppose 45*z - 42*z - 858 = 0. What is the tens digit of z?
8
Let c(v) = v**3 - 3*v + 4. Let s be c(3). Suppose 2*r - 8 = s. Suppose -r = -4*l + 9. What is the units digit of l?
6
Let h be (-4)/(-18) - 40/18. Let y be (-1)/(h/(-6)*3). What is the units digit of 10 - (2 + 2 + y)?
7
What is the tens digit of ((-75)/10)/(1/(-6))?
4
Let c(h) = 8*h - 6. Let g(p) = 7*p - 7. Let q(y) = 5*c(y) - 4*g(y). What is the tens digit of q(2)?
2
Let l(j) = -2*j**3 - 10*j**2 - j - 3. Let i be l(-7). Suppose 5*p = -5*b + i, 0*p - 45 = -2*b + 5*p. Suppose -b = -5*v + 5. What is the units digit of v?
8
Let f(j) = j**3 + 5*j**2 - 2*j - 6. What is the units digit of f(-5)?
4
Let a = -1 + 5. Suppose 2 = -3*m + o, 2*o + 3 + 1 = -2*m. Let i = a + m. What is the units digit of i?
3
Suppose 0 = 5*o - 936 + 151. What is the tens digit of o?
5
Suppose 0 = 2*g + 3*g - 10. Let b(p) = p**3 + 2*p - 3. What is the units digit of b(g)?
9
Suppose 0 = -3*j - j + 48. Suppose -14 = -2*k + j. Let n = 0 + k. What is the tens digit of n?
1
Suppose -5*p = 5*g - 7*p - 1725, 2*g + p = 690. What is the hundreds digit of g?
3
Suppose -v + 3 = 1. Suppose -v*w + 67 - 5 = 0. What is the units digit of w?
1
Let x be 16/7 + (-4)/14. Suppose 2*l - 3*m = 18, x = -2*l - 3*m + 8. What is the units digit of l?
6
Suppose 2*h - 2*t = 2, 4*h - 2*t - t = 6. Suppose 5*g = b + 18, 0*g - h*b = 5*g - 26. Suppose -g*l = -4 - 0. What is the units digit of l?
1
Let m be (-2)/3 - (-16)/6. Suppose -5*l - 5*j + 20 = 0, m*l = -l - j + 10. Suppose 2*c + 3 = l*c. What is the units digit of c?
3
Suppose 4*f - 3*d = d + 16, -12 = -3*f - d. Suppose -4*s + 4*y + y + 252 = 0, -63 = -s + 5*y. Suppose -s = h - f*h. What is the tens digit of h?
2
What is the units digit of (-3 + (0 - 3))*80/(-12)?
0
Let g = -12 - -37. What is the units digit of g?
5
Let l = 25 - 14. Suppose 5*m - l = 64. What is the tens digit of m?
1
Let l(g) = g**2 + 3*g. Suppose 2*p = -2*x - 8, 0 = -4*x + 2*x. Let q be l(p). Suppose b = 2*y - 5, -3*y - 4*b - q = -7*y. What is the units digit of y?
4
Suppose -452 = 18*g - 4556. What is the tens digit of g?
2
Let o(r) = r**2 + 4*r - 5. Let x be o(-5). Let m(i) = x + 6*i + 2*i**2 + 0. What is the units digit of m(-4)?
8
Let o(n) = -2*n + 4. Let u(h) = -h + 5. Let q be ((-10)/15)/((-2)/(-6)). Let i(d) = q*o(d) + 3*u(d). What is the units digit of i(0)?
7
Let z(m) = 9*m - 59. What is the units digit of z(9)?
2
Let p = 66 + 2. What is the units digit of p?
8
Let o be (1 + -4)*(-18)/27. Suppose 0 = o*j + 2*g - 12, 3*g - 21 = -5*j + 9. What is the units digit of j?
6
Suppose 4*w = z + 9, -3*z + 2*w + 0 + 3 = 0. Suppose -i - z*q + 14 = 0, 3*i - 56 - 8 = 2*q. What is the units digit of i?
0
Let i(d) = d**2 + 4*d + 6. Let b = -7 + 3. Let a be i(b). What is the units digit of 16/a - (-2)/(-3)?
2
Let k be (4/10)/(3/(-15)). Let d = k + 3. Suppose 3*m - 5 = d. What is the units digit of m?
2
Let l be 24/16*(-2)/(-1). Suppose d + 6 = -5*h, 0*d - 4*d - l*h = 24. Let u = d - -7. What is the units digit of u?
1
Let n be (-12)/54 - (-50)/(-18). Let h(s) = -s. Let c be h(n). Suppose -c*a = -2*y + 5, -5*a - 4*y + 0*y + 21 = 0. What is the units digit of a?
1
Let q be (28/(-21))/(1/6). Let m(t) = -6*t - 6. What is the units digit of m(q)?
2
Suppose h + 2*g - 10 = 0, -3*h + 4*g = -54 + 4. What is the tens digit of h?
1
Suppose -3*u = -55 - 14. What is the units digit of u?
3
Let j = 49 + -19. Suppose -5*z - 90 = 5*a, 16 = -z + 3*a - 5*a. Let t = z + j. What is the units digit of t?
0
Let d be (0 - (3 + 2))*1. Let m(t) = t**3 + 5*t**2 - 3*t - 4. What is the units digit of m(d)?
1
Suppose 5*y - 121 = 429. Let a = y + -78. What is the units digit of a?
2
Suppose -i = -6*i - 5*u + 485, -95 = -i - 2*u. What is the units digit of i?
9
Let c be 24/4 - (2 - 1). Suppose c*r - 4 = 6. Let v = 15 - r. What is the units digit of v?
3
Suppose -50 = -s + 141. What is the units digit of s?
1
Suppose 0 = 4*z - 16, 7 + 9 = -2*j - 2*z. What is the units digit of (15/j)/(4/(-16))?
5
Suppose 4 = 3*p - h + 2*h, -5*h = 10. Let c(r) = r**3 - r**2 + 4*r - 4. What is the units digit of c(p)?
8
Suppose 2*h = 4*h - 5*x - 25, 5*h - 71 = 4*x. What is the units digit of h?
5
Let p(n) = n**2 + 4*n - 2. Let j be p(-5). Suppose 0 = m + j*m. Suppose 8 = 4*y - 2*o, m = 2*y - 7*y - 4*o + 23. What is the units digit of y?
3
Let u = 267 + -81. What is the units digit of u?
6
Suppose 2*h - 4*w + 14 = 0, -2*w + 2 = -4. Let i be 1